{"id":123,"date":"2021-01-23T12:15:38","date_gmt":"2021-01-23T11:15:38","guid":{"rendered":"http:\/\/xldem.fr\/?page_id=123"},"modified":"2021-01-24T10:51:41","modified_gmt":"2021-01-24T09:51:41","slug":"louez-un-vehicule-avec-chauffeur","status":"publish","type":"page","link":"https:\/\/xldem.fr\/?page_id=123","title":{"rendered":"Louer un v\u00e9hicule avec chauffeur"},"content":{"rendered":"\n<p><\/p>\n\n\n\n<p>La mise \u00e0 disposition d\u2019un v\u00e9hicule avec chauffeur c\u2019est la garantie d\u2019un tarif \u00e9conomiquement maitris\u00e9 avec l\u2019accompagnement professionnel en plus&nbsp;! <\/p>\n\n\n\n<p>Poids-Lourd ou v\u00e9hicule l\u00e9ger, <strong><span class=\"has-inline-color has-vivid-red-color\">XL&rsquo;DEM<\/span><\/strong> vous propose la solution suivante :<\/p>\n\n\n\n<p>&#8211; Mise \u00e0 votre disposition d\u2019un v\u00e9hicule avec chauffeur manutentionnaire.<br>&#8211; Vous vous occupez d\u2019emballer, de d\u00e9monter et d&rsquo;acheminer au camion.<br>&#8211; Le chauffeur vous assiste lors du chargement et du d\u00e9chargement.<br>&#8211; B\u00e9n\u00e9ficiez d\u2019un accompagnement professionnel.<br>&#8211; R\u00e9alisez des \u00e9conomies en d\u00e9m\u00e9nageant en toute s\u00e9r\u00e9nit\u00e9 et s\u00e9curit\u00e9.<\/p>\n\n\n\n<p>Louer aupr\u00e8s de l&rsquo;entreprise <strong><span class=\"has-inline-color has-vivid-red-color\">XL&rsquo;DEM<\/span><\/strong> c\u2019est avoir \u00e0 votre disposition un v\u00e9hicule professionnel, \u00e9quip\u00e9 et s\u00e9curis\u00e9. Vous d\u00e9finissez vos besoins (volume, trajet etc.) et b\u00e9n\u00e9ficiez de l&rsquo;accompagnement de nos chauffeurs qui s\u2019occuperont du transport et vous assisteront dans la manutention lourde et le chargement. Des conditions optimales pour votre d\u00e9m\u00e9nagement alli\u00e9es \u00e0 la s\u00e9curit\u00e9 d\u2019un professionnel, le tout \u00e0 un prix abordable.<\/p>\n\n\n\n<p><strong>Location de monte-meubles<\/strong><\/p>\n\n\n\n<p>Contrainte d&rsquo;escalier, d&rsquo;\u00e9tage ou ascenseur en panne ? <br>Nous mettons \u00e0 votre disposition nos monte-meubles.<br>Consultez-nous !<\/p>\n\n\n\n<p><img loading=\"lazy\" width=\"350\" height=\"418\" class=\"wp-image-75\" style=\"width: 1500px;\" src=\"http:\/\/xldem.fr\/wp-content\/uploads\/2021\/01\/IMG_20210122_214756-e1611348587162.jpg\" alt=\"\">               <\/p>\n\n\n\n<p><img loading=\"lazy\" width=\"2560\" height=\"1920\" class=\"wp-image-29\" style=\"width: 1500px;\" src=\"http:\/\/xldem.fr\/wp-content\/uploads\/2021\/01\/IMG_20210104_081704-scaled.jpg\" alt=\"\" srcset=\"https:\/\/xldem.fr\/wp-content\/uploads\/2021\/01\/IMG_20210104_081704-scaled.jpg 2560w, https:\/\/xldem.fr\/wp-content\/uploads\/2021\/01\/IMG_20210104_081704-scaled-600x450.jpg 600w, https:\/\/xldem.fr\/wp-content\/uploads\/2021\/01\/IMG_20210104_081704-300x225.jpg 300w, https:\/\/xldem.fr\/wp-content\/uploads\/2021\/01\/IMG_20210104_081704-1024x768.jpg 1024w, https:\/\/xldem.fr\/wp-content\/uploads\/2021\/01\/IMG_20210104_081704-768x576.jpg 768w, https:\/\/xldem.fr\/wp-content\/uploads\/2021\/01\/IMG_20210104_081704-1536x1152.jpg 1536w, https:\/\/xldem.fr\/wp-content\/uploads\/2021\/01\/IMG_20210104_081704-2048x1536.jpg 2048w\" sizes=\"(max-width: 2560px) 100vw, 2560px\" \/><br><\/p>\n","protected":false},"excerpt":{"rendered":"<p>La mise \u00e0 disposition d\u2019un v\u00e9hicule avec chauffeur c\u2019est la garantie d\u2019un tarif \u00e9conomiquement maitris\u00e9 avec l\u2019accompagnement professionnel en plus&nbsp;! Poids-Lourd ou v\u00e9hicule l\u00e9ger, XL&rsquo;DEM vous propose la solution suivante : &#8211; Mise \u00e0 votre disposition d\u2019un v\u00e9hicule avec chauffeur manutentionnaire.&#8211; Vous vous occupez d\u2019emballer, de d\u00e9monter et d&rsquo;acheminer au camion.&#8211; Le chauffeur vous assiste<\/p><\/div>\n<div class=\"blog-btn\"><a href=\"https:\/\/xldem.fr\/?page_id=123\" class=\"home-blog-btn\">Lire la suite<\/a><\/p>\n","protected":false},"author":1,"featured_media":72,"parent":0,"menu_order":0,"comment_status":"closed","ping_status":"closed","template":"","meta":[],"yoast_head":"<!-- This site is optimized with the Yoast SEO plugin v17.8 - https:\/\/yoast.com\/wordpress\/plugins\/seo\/ -->\n<title>Louer un v\u00e9hicule avec chauffeur - XLDem<\/title>\n<meta name=\"robots\" content=\"index, follow, max-snippet:-1, max-image-preview:large, max-video-preview:-1\" \/>\n<link rel=\"canonical\" href=\"http:\/\/xldem.fr\/?page_id=123\" \/>\n<meta property=\"og:locale\" content=\"fr_FR\" \/>\n<meta property=\"og:type\" content=\"article\" \/>\n<meta property=\"og:title\" content=\"Louer un v\u00e9hicule avec chauffeur - XLDem\" \/>\n<meta property=\"og:description\" content=\"La mise \u00e0 disposition d\u2019un v\u00e9hicule avec chauffeur c\u2019est la garantie d\u2019un tarif \u00e9conomiquement maitris\u00e9 avec l\u2019accompagnement professionnel en plus&nbsp;! Poids-Lourd ou v\u00e9hicule l\u00e9ger, XL&rsquo;DEM vous propose la solution suivante : &#8211; Mise \u00e0 votre disposition d\u2019un v\u00e9hicule avec chauffeur manutentionnaire.&#8211; Vous vous occupez d\u2019emballer, de d\u00e9monter et d&rsquo;acheminer au camion.&#8211; Le chauffeur vous assisteLire la suite\" \/>\n<meta property=\"og:url\" content=\"http:\/\/xldem.fr\/?page_id=123\" \/>\n<meta property=\"og:site_name\" content=\"XLDem\" \/>\n<meta property=\"article:publisher\" content=\"https:\/\/www.facebook.com\/eXceLDem69\" \/>\n<meta property=\"article:modified_time\" content=\"2021-01-24T09:51:41+00:00\" \/>\n<meta property=\"og:image\" content=\"https:\/\/xldem.fr\/wp-content\/uploads\/2021\/01\/IMG_20210122_213207-scaled.jpg\" \/>\n\t<meta property=\"og:image:width\" content=\"2560\" \/>\n\t<meta property=\"og:image:height\" content=\"1920\" \/>\n<meta name=\"twitter:card\" content=\"summary_large_image\" \/>\n<meta name=\"twitter:label1\" content=\"Dur\u00e9e de lecture estim\u00e9e\" \/>\n\t<meta name=\"twitter:data1\" content=\"1 minute\" \/>\n<script type=\"application\/ld+json\" class=\"yoast-schema-graph\">{\"@context\":\"https:\/\/schema.org\",\"@graph\":[{\"@type\":\"Organization\",\"@id\":\"https:\/\/xldem.fr\/#organization\",\"name\":\"XL'DEM\",\"url\":\"https:\/\/xldem.fr\/\",\"sameAs\":[\"https:\/\/www.facebook.com\/eXceLDem69\"],\"logo\":{\"@type\":\"ImageObject\",\"@id\":\"https:\/\/xldem.fr\/#logo\",\"inLanguage\":\"fr-FR\",\"url\":\"https:\/\/xldem.fr\/wp-content\/uploads\/2021\/02\/xldem-logo-final-V2.jpg\",\"contentUrl\":\"https:\/\/xldem.fr\/wp-content\/uploads\/2021\/02\/xldem-logo-final-V2.jpg\",\"width\":1417,\"height\":1183,\"caption\":\"XL'DEM\"},\"image\":{\"@id\":\"https:\/\/xldem.fr\/#logo\"}},{\"@type\":\"WebSite\",\"@id\":\"https:\/\/xldem.fr\/#website\",\"url\":\"https:\/\/xldem.fr\/\",\"name\":\"XLDem\",\"description\":\"L&#039;eXcelLence \\u00e0 votre service !\",\"publisher\":{\"@id\":\"https:\/\/xldem.fr\/#organization\"},\"potentialAction\":[{\"@type\":\"SearchAction\",\"target\":{\"@type\":\"EntryPoint\",\"urlTemplate\":\"https:\/\/xldem.fr\/?s={search_term_string}\"},\"query-input\":\"required name=search_term_string\"}],\"inLanguage\":\"fr-FR\"},{\"@type\":\"ImageObject\",\"@id\":\"http:\/\/xldem.fr\/?page_id=123#primaryimage\",\"inLanguage\":\"fr-FR\",\"url\":\"https:\/\/xldem.fr\/wp-content\/uploads\/2021\/01\/IMG_20210122_213207-scaled.jpg\",\"contentUrl\":\"https:\/\/xldem.fr\/wp-content\/uploads\/2021\/01\/IMG_20210122_213207-scaled.jpg\",\"width\":2560,\"height\":1920},{\"@type\":\"WebPage\",\"@id\":\"http:\/\/xldem.fr\/?page_id=123#webpage\",\"url\":\"http:\/\/xldem.fr\/?page_id=123\",\"name\":\"Louer un v\\u00e9hicule avec chauffeur - XLDem\",\"isPartOf\":{\"@id\":\"https:\/\/xldem.fr\/#website\"},\"primaryImageOfPage\":{\"@id\":\"http:\/\/xldem.fr\/?page_id=123#primaryimage\"},\"datePublished\":\"2021-01-23T11:15:38+00:00\",\"dateModified\":\"2021-01-24T09:51:41+00:00\",\"breadcrumb\":{\"@id\":\"http:\/\/xldem.fr\/?page_id=123#breadcrumb\"},\"inLanguage\":\"fr-FR\",\"potentialAction\":[{\"@type\":\"ReadAction\",\"target\":[\"http:\/\/xldem.fr\/?page_id=123\"]}]},{\"@type\":\"BreadcrumbList\",\"@id\":\"http:\/\/xldem.fr\/?page_id=123#breadcrumb\",\"itemListElement\":[{\"@type\":\"ListItem\",\"position\":1,\"name\":\"Accueil\",\"item\":\"http:\/\/xldem.fr\/\"},{\"@type\":\"ListItem\",\"position\":2,\"name\":\"Louer un v\\u00e9hicule avec chauffeur\"}]}]}<\/script>\n<!-- \/ Yoast SEO plugin. -->","yoast_head_json":{"title":"Louer un v\u00e9hicule avec chauffeur - XLDem","robots":{"index":"index","follow":"follow","max-snippet":"max-snippet:-1","max-image-preview":"max-image-preview:large","max-video-preview":"max-video-preview:-1"},"canonical":"http:\/\/xldem.fr\/?page_id=123","og_locale":"fr_FR","og_type":"article","og_title":"Louer un v\u00e9hicule avec chauffeur - XLDem","og_description":"La mise \u00e0 disposition d\u2019un v\u00e9hicule avec chauffeur c\u2019est la garantie d\u2019un tarif \u00e9conomiquement maitris\u00e9 avec l\u2019accompagnement professionnel en plus&nbsp;! Poids-Lourd ou v\u00e9hicule l\u00e9ger, XL&rsquo;DEM vous propose la solution suivante : &#8211; Mise \u00e0 votre disposition d\u2019un v\u00e9hicule avec chauffeur manutentionnaire.&#8211; Vous vous occupez d\u2019emballer, de d\u00e9monter et d&rsquo;acheminer au camion.&#8211; Le chauffeur vous assisteLire la suite","og_url":"http:\/\/xldem.fr\/?page_id=123","og_site_name":"XLDem","article_publisher":"https:\/\/www.facebook.com\/eXceLDem69","article_modified_time":"2021-01-24T09:51:41+00:00","og_image":[{"width":2560,"height":1920,"url":"https:\/\/xldem.fr\/wp-content\/uploads\/2021\/01\/IMG_20210122_213207-scaled.jpg","type":"image\/jpeg"}],"twitter_card":"summary_large_image","twitter_misc":{"Dur\u00e9e de lecture estim\u00e9e":"1 minute"},"schema":{"@context":"https:\/\/schema.org","@graph":[{"@type":"Organization","@id":"https:\/\/xldem.fr\/#organization","name":"XL'DEM","url":"https:\/\/xldem.fr\/","sameAs":["https:\/\/www.facebook.com\/eXceLDem69"],"logo":{"@type":"ImageObject","@id":"https:\/\/xldem.fr\/#logo","inLanguage":"fr-FR","url":"https:\/\/xldem.fr\/wp-content\/uploads\/2021\/02\/xldem-logo-final-V2.jpg","contentUrl":"https:\/\/xldem.fr\/wp-content\/uploads\/2021\/02\/xldem-logo-final-V2.jpg","width":1417,"height":1183,"caption":"XL'DEM"},"image":{"@id":"https:\/\/xldem.fr\/#logo"}},{"@type":"WebSite","@id":"https:\/\/xldem.fr\/#website","url":"https:\/\/xldem.fr\/","name":"XLDem","description":"L&#039;eXcelLence \u00e0 votre service !","publisher":{"@id":"https:\/\/xldem.fr\/#organization"},"potentialAction":[{"@type":"SearchAction","target":{"@type":"EntryPoint","urlTemplate":"https:\/\/xldem.fr\/?s={search_term_string}"},"query-input":"required name=search_term_string"}],"inLanguage":"fr-FR"},{"@type":"ImageObject","@id":"http:\/\/xldem.fr\/?page_id=123#primaryimage","inLanguage":"fr-FR","url":"https:\/\/xldem.fr\/wp-content\/uploads\/2021\/01\/IMG_20210122_213207-scaled.jpg","contentUrl":"https:\/\/xldem.fr\/wp-content\/uploads\/2021\/01\/IMG_20210122_213207-scaled.jpg","width":2560,"height":1920},{"@type":"WebPage","@id":"http:\/\/xldem.fr\/?page_id=123#webpage","url":"http:\/\/xldem.fr\/?page_id=123","name":"Louer un v\u00e9hicule avec chauffeur - XLDem","isPartOf":{"@id":"https:\/\/xldem.fr\/#website"},"primaryImageOfPage":{"@id":"http:\/\/xldem.fr\/?page_id=123#primaryimage"},"datePublished":"2021-01-23T11:15:38+00:00","dateModified":"2021-01-24T09:51:41+00:00","breadcrumb":{"@id":"http:\/\/xldem.fr\/?page_id=123#breadcrumb"},"inLanguage":"fr-FR","potentialAction":[{"@type":"ReadAction","target":["http:\/\/xldem.fr\/?page_id=123"]}]},{"@type":"BreadcrumbList","@id":"http:\/\/xldem.fr\/?page_id=123#breadcrumb","itemListElement":[{"@type":"ListItem","position":1,"name":"Accueil","item":"http:\/\/xldem.fr\/"},{"@type":"ListItem","position":2,"name":"Louer un v\u00e9hicule avec chauffeur"}]}]}},"_links":{"self":[{"href":"https:\/\/xldem.fr\/index.php?rest_route=\/wp\/v2\/pages\/123"}],"collection":[{"href":"https:\/\/xldem.fr\/index.php?rest_route=\/wp\/v2\/pages"}],"about":[{"href":"https:\/\/xldem.fr\/index.php?rest_route=\/wp\/v2\/types\/page"}],"author":[{"embeddable":true,"href":"https:\/\/xldem.fr\/index.php?rest_route=\/wp\/v2\/users\/1"}],"replies":[{"embeddable":true,"href":"https:\/\/xldem.fr\/index.php?rest_route=%2Fwp%2Fv2%2Fcomments&post=123"}],"version-history":[{"count":8,"href":"https:\/\/xldem.fr\/index.php?rest_route=\/wp\/v2\/pages\/123\/revisions"}],"predecessor-version":[{"id":211,"href":"https:\/\/xldem.fr\/index.php?rest_route=\/wp\/v2\/pages\/123\/revisions\/211"}],"wp:featuredmedia":[{"embeddable":true,"href":"https:\/\/xldem.fr\/index.php?rest_route=\/wp\/v2\/media\/72"}],"wp:attachment":[{"href":"https:\/\/xldem.fr\/index.php?rest_route=%2Fwp%2Fv2%2Fmedia&parent=123"}],"curies":[{"name":"wp","href":"https:\/\/api.w.org\/{rel}","templated":true}]}}